{"id":11600,"date":"2025-12-07T18:41:27","date_gmt":"2025-12-07T17:41:27","guid":{"rendered":"https:\/\/www.wtc-made.nl\/?page_id=11600"},"modified":"2025-12-07T18:45:07","modified_gmt":"2025-12-07T17:45:07","slug":"huishoudelijk-reglement","status":"publish","type":"page","link":"https:\/\/www.wtc-made.nl\/?page_id=11600","title":{"rendered":"Huishoudelijk reglement"},"content":{"rendered":"\n<p><strong>Wieler Trim Club Made<\/strong><\/p>\n\n\n\n<p><strong>HUISHOUDELIJK&nbsp; REGLEMENT<\/strong><strong>&nbsp;<\/strong><strong>&nbsp;<\/strong>&nbsp;<\/p>\n\n\n\n<p><strong>Versie<\/strong>:\u00a014-11-2025 (<a href=\"https:\/\/www.wtc-made.nl\/wp-content\/uploads\/2025\/12\/Huishoudelijk_reglement_-14-11-2025.pdf\">download als pdf<\/a>)\u00a0\u00a0<br><strong>Art.\u00a01:\u00a0\u00a0\u00a0Statuten en huishoudelijk reglement\u00a0<\/strong>\u00a0<\/p>\n\n\n\n<p>Ieder lid dient in het bezit te zijn van een exemplaar van het huishoudelijk reglement.&nbsp; De statuten zijn voor ieder lid ter inzage bij het secretariaat.&nbsp;&nbsp;<\/p>\n\n\n\n<p><strong>Art.&nbsp;2:&nbsp;&nbsp;&nbsp;Doelstelling&nbsp;<\/strong>&nbsp;<\/p>\n\n\n\n<p>&nbsp; De doelstelling van de vereniging luidt nader bepaald als volgt:&nbsp;&nbsp;<\/p>\n\n\n\n<p>De beoefening van de toerfietssport, waaronder te verstaan het recreatieve en prestatieve gebruik van de fiets, met uitsluiting van enig wedstrijdelement. De vereniging zal zelf geen wedstrijden organiseren en het deelnemen van haar leden aan wedstrijden (door anderen georganiseerd) niet stimuleren. Uitzonderingen hierop zijn mogelijk.&nbsp;&nbsp;<\/p>\n\n\n\n<p>De wegenverkeerswetgeving dient in acht te worden genomen.&nbsp;&nbsp;<\/p>\n\n\n\n<p>&nbsp; De vereniging tracht dit doel te realiseren door:&nbsp;&nbsp;<\/p>\n\n\n\n<ol start=\"1\" class=\"wp-block-list\">\n<li>ten&nbsp;behoeve van haar leden een toerprogramma vast te stellen en uit te voeren;&nbsp;&nbsp;&nbsp;<strong>&nbsp;<\/strong>&nbsp;<\/li>\n<\/ol>\n\n\n\n<ol start=\"2\" class=\"wp-block-list\">\n<li>het&nbsp;bevorderen, co\u00f6rdineren en organiseren van fietsevenementen;&nbsp;&nbsp;<\/li>\n<\/ol>\n\n\n\n<ol start=\"3\" class=\"wp-block-list\">\n<li>haar&nbsp;lidmaatschap van de N.T.F.U.;&nbsp;&nbsp;<\/li>\n<\/ol>\n\n\n\n<ol start=\"4\" class=\"wp-block-list\">\n<li>het&nbsp;bepalen en onderhouden van een trainingsopzet;&nbsp;&nbsp;<\/li>\n<\/ol>\n\n\n\n<ol start=\"5\" class=\"wp-block-list\">\n<li>het&nbsp;collectieve belang te plaatsen boven het individuele belang;&nbsp;&nbsp;<\/li>\n<\/ol>\n\n\n\n<ol start=\"6\" class=\"wp-block-list\">\n<li>het&nbsp;organiseren van activiteiten gedurende de wintermaanden, zoals bv. mountainbiken.&nbsp;&nbsp;<\/li>\n<\/ol>\n\n\n\n<p>Wij maken voor het beoefenen van onze hobby gebruik van de openbare weg. Naast veiligheidsaspecten die beschreven zijn in art. 7, wil WTC Made zich netjes en vriendelijk gedragen. Dit voor het imago van de wielersport in het algemeen, van onze club, maar zeker ook van de sponsoren met wiens namen op het shirt gereden wordt. WTC Made wil niet dat sponsoren aangesproken worden op slecht gedrag als rommel weggooien, voorrang nemen,&nbsp;onhoffelijkheid&nbsp;in woord en gebaren.&nbsp;<strong>&nbsp;<\/strong>&nbsp;<\/p>\n\n\n\n<p><strong>Art.&nbsp;3:&nbsp;&nbsp;&nbsp;Contributie \/&nbsp;Donatie<\/strong>&nbsp;&nbsp;<\/p>\n\n\n\n<p>Leden zijn een contributie verschuldigd zoals vastgesteld in de algemene ledenvergadering.&nbsp;De leden machtigen&nbsp;middels&nbsp;een formulier de club,&nbsp;en dus de penningsmeester,&nbsp;om contributie telkens in eerste maand van het kwartaal te innen. Eventuele andere financi\u00eble verplichtingen, zoals bij priv\u00e9aanschaf van kleding via de club en eigen bijdrage aan een evenement, mag de penningmeester&nbsp;dit&nbsp;ook volgens deze methode innen.&nbsp;&nbsp;Indien&nbsp;het lidmaatschap eindigt in de loop van het jaar blijft de contributie verschuldigd voor het gehele jaar waarin het lidmaatschap is opgezegd. Opzeggen dient dus (ruim) voor 1 januari plaats te vinden opdat de secretaris op tijd af kan melden bij de NTFU. Hierop kan door het bestuur een uitzondering gemaakt worden indien sprake is van noodgedwongen be\u00ebindiging (door bijvoorbeeld een ernstige blessure of ziekte).&nbsp;&nbsp;<\/p>\n\n\n\n<p>De vereniging kent ook donateurs; deze verplichten zich om jaarlijks een door het bestuur vastgestelde bijdrage te storten.&nbsp;&nbsp;<\/p>\n\n\n\n<p><strong>Art.&nbsp;4:&nbsp;&nbsp;&nbsp;Toerfietskaart<\/strong>&nbsp;&nbsp;<\/p>\n\n\n\n<p>Aan het lidmaatschap van een fietsend lid van onze club is verbonden het lidmaatschap van de N.T.F.U. De kosten hiervan zijn begrepen in de contributie. De toerfietskaart biedt onder meer recht&nbsp;op het fiets evenementenprogramma, verzekering tegen wettelijke aansprakelijkheid, schade en ongevallen en het toerfietsmagazine.&nbsp;&nbsp;<\/p>\n\n\n\n<p>Leden kunnen tegen gunstige voorwaarden bij de NTFU hun fiets bijverzekeren als die bijvoorbeeld een hogere&nbsp;waarde heeft dan die standaard aangehouden wordt. Het bestuur beveelt aan om dit ook zeker te doen.<strong>&nbsp;<\/strong>&nbsp;<\/p>\n\n\n\n<p><strong>Art.&nbsp;5:&nbsp;&nbsp;&nbsp;Kleding<\/strong>&nbsp;&nbsp;<\/p>\n\n\n\n<p>Een fietsend lid krijgt een wielertenue uitgereikt waarvan de samenstelling en uitvoering in de algemene ledenvergadering is bepaald. Bij be\u00ebindiging van het lidmaatschap dient de beschikbaar gestelde kleding te worden ingeleverd. Het bestuur bepaalt nader welke kleding dit precies zal zijn. De korte broek hoeft niet ingeleverd te worden. Elk nieuw lid betaalt daarom \u00e9\u00e9nmalig \u20ac 50,- als vergoeding\/aanschaf van deze (altijd nieuwe) broek.&nbsp;&nbsp;&nbsp;<\/p>\n\n\n\n<p>Toer- en trainingstochten dienen verplicht in de laatst verstrekte clubkleding te worden verreden vanwege afspraken met onze sponsoren.&nbsp;&nbsp;<\/p>\n\n\n\n<p><strong>Art. 6&nbsp;&nbsp; Ledenaantal<\/strong>&nbsp;&nbsp;<\/p>\n\n\n\n<p>Dienstbaar aan de doelstelling wordt het ledental van onze club bepaald op ca. 60 actief&nbsp;fietsende&nbsp; leden.&nbsp;&nbsp;<\/p>\n\n\n\n<p><strong>Art. 7&nbsp;&nbsp; Rustende leden<\/strong>&nbsp;&nbsp;<\/p>\n\n\n\n<p>WTC-Made kent volgens de statuten de status \u201crustend lid\u201d. Dit zijn leden die afscheid nemen van hun actieve fietscarri\u00e8re en toch bij de club betrokken willen blijven.&nbsp;&nbsp;&nbsp;<\/p>\n\n\n\n<p>Bestuur beslist of iemand rustend lid kan worden.&nbsp;&nbsp;&nbsp;<\/p>\n\n\n\n<p>Rechten en plichten van rustende leden:&nbsp;&nbsp;<\/p>\n\n\n\n<ul class=\"wp-block-list\">\n<li>Een rustend lid betaald jaarlijks in \u00e9\u00e9n keer 25% van de dan geldende jaarcontributie die&nbsp;&nbsp;<\/li>\n<\/ul>\n\n\n\n<p>\u201cnormale\u201d leden betalen.&nbsp;&nbsp;<\/p>\n\n\n\n<ul class=\"wp-block-list\">\n<li>Rustende leden worden niet ingeschreven bij NTFU, tenzij ze dit om verzekeringsredenen wel willen, maar dan betalen ze de club-NTFU jaar vergoeding terug aan WTC Made.&nbsp;&nbsp;<\/li>\n<\/ul>\n\n\n\n<ul class=\"wp-block-list\">\n<li>De rustende leden krijgen geen gratis wielerkleding.&nbsp;&nbsp;<\/li>\n<\/ul>\n\n\n\n<ul class=\"wp-block-list\">\n<li>Rustende leden hebben geen stemrecht.&nbsp;&nbsp;&nbsp;<\/li>\n<\/ul>\n\n\n\n<ul class=\"wp-block-list\">\n<li>Van rustende leden wordt verwacht dat ze af en toe hand- en spandiensten verrichten (dingen rondbrengen, posten, vlaggen,&nbsp;jury,\u2026etc.)&nbsp;&nbsp;<\/li>\n<\/ul>\n\n\n\n<ul class=\"wp-block-list\">\n<li>Rustende leden zijn zonder kosten welkom bij:&nbsp;&nbsp;<\/li>\n<\/ul>\n\n\n\n<ul class=\"wp-block-list\">\n<li>Voorjaarsledenvergadering&nbsp;&nbsp;<\/li>\n<\/ul>\n\n\n\n<ul class=\"wp-block-list\">\n<li>Openingsrit&nbsp;&nbsp;<\/li>\n<\/ul>\n\n\n\n<ul class=\"wp-block-list\">\n<li>Najaarsledenvergadering&nbsp;&nbsp;<\/li>\n<\/ul>\n\n\n\n<ul class=\"wp-block-list\">\n<li>Nazit bij activiteiten waarbij ze bovengenoemde hand- en spandiensten verricht hebben&nbsp;&nbsp;&nbsp;<\/li>\n<\/ul>\n\n\n\n<ul class=\"wp-block-list\">\n<li>Rustende leden (en eventuele partners) zijn welkom bij feestjes (gezinsdag,&nbsp;jubileumviering ,&nbsp;etc.) maar betalen een per evenement een door het bestuur te bepalen vergoeding.&nbsp;&nbsp;<\/li>\n<\/ul>\n\n\n\n<ul class=\"wp-block-list\">\n<li>Om op de hoogte te blijven van wat speelt in de club, behouden rustende leden toegang tot de WTC-Info en WTC-Social&nbsp;WhatsApp groepen. Ook blijven ze lid van de algemene&nbsp;e-mail groep. Ze behouden inlog rechten op de website.&nbsp;&nbsp;<\/li>\n<\/ul>\n\n\n\n<p><strong>Art.&nbsp;8:&nbsp;&nbsp;&nbsp;Veiligheid<\/strong>&nbsp;&nbsp;<\/p>\n\n\n\n<p>Omwille van ieders veiligheid, dienen de verkeersregels in acht te worden genomen. Vandaar dat ook bij WTC Made een fietsbel op de fiets hoort te zitten.&nbsp;&nbsp;<\/p>\n\n\n\n<p>Voorrijders dienen attent te zijn op obstakels, van welke aard dan ook, en de groep daarvoor tijdig en duidelijk te waarschuwen via woord en gebaar. Er dient duidelijk en tijdig richting te worden aangegeven. Om het risico op valpartijen van jezelf en van de hele groep die mee kan tuimelen, te voorkomen, is het belangrijk dat goed gestuurd en geremd kan worden. Handen aan het stuur dus. Losse handen (jasje&nbsp;uit doen, foto nemen&nbsp;of zo), midden in de groep is dus heel slecht idee&nbsp;en daarom verboden. Het gebruik van&nbsp;triatlon en\/of opzetsturen tijdens de in WTC-Made verenigingsverband te rijden ritten, is verboden. Onderarmen op het stuur wordt ook afgeraden vanwege verminderde reactiesnelheid. Het is&nbsp;&nbsp;<\/p>\n\n\n\n<p>verboden&nbsp;met oortjes\/headset te rijden tijdens clubtochten om zeker te zijn dat aanwijzingen\/waarschuwingen goed gehoord worden.&nbsp;&nbsp;<\/p>\n\n\n\n<p>Met het oog op ieders persoonlijke veiligheid, is het dragen van een valhelm verplicht.&nbsp;&nbsp;<\/p>\n\n\n\n<p>Bij elke tocht is er een aangewezen koerskapitein. Hij\/zij geeft de route aan met duidelijke armgebaren en mondelinge aanwijzingen. In geval dat meerdere renners van de koerskapitein de route op GPS gekregen hebben om te kunnen leiden, is de renner met GPS die op dat moment op kop rijdt degene die de aanwijzingen geeft. Anderen volgen, ook al menen ze of zien ze dat die leider per ongeluk een verkeerde afslag neemt.&nbsp;&nbsp;<\/p>\n\n\n\n<p>Bij grote pelotons (\u00b1 14 renners en meer) kan&nbsp;er voor&nbsp;gekozen worden om een \u201cachter-rijder\u201d aan te wijzen die in de gaten houdt of er gevaar van achter komt, iemand stopt met lek of iemand niet bij kan houden. Eventueel kan door de&nbsp;achterrijder&nbsp;een fluit gebruikt worden voor deze uitzonderlijke situaties om voorin het&nbsp;peloton&nbsp; \u201cgehoor te krijgen\u201d (een \u201connodig\u201d fluitconcert moet voorkomen worden).<strong>&nbsp;<\/strong>&nbsp;<\/p>\n\n\n\n<p><strong>Art<\/strong>.<strong>&nbsp;9:&nbsp; Vertrektijden<\/strong>&nbsp;<strong>en -plaats<\/strong>&nbsp;<\/p>\n\n\n\n<p>Vertrektijden en -plaats voor de Sport- Tour-, TT- en Trimgroep worden vastgelegd in het jaarlijks opnieuw te maken \u201cjaarfietsprogramma\u201c. Wijzigingen&nbsp;hierop&nbsp;zijn mogelijk&nbsp;en worden dan&nbsp;vanuit het bestuur&nbsp;tijdig bekend gemaakt&nbsp;in de Whatsapp WTC&nbsp;Ritten-Informatie app-groep. Echte drastische wijzigingen als uitstel of afstel kunnen&nbsp;ook en op korte termijn,&nbsp;maar om verwarring te voorkomen zal dit enkel gebeuren als een weercode \u201coranje\u201d of \u201crood\u201d afgegeven is door het KNMI voor onze regio.&nbsp;<br>&nbsp;<br>Op dinsdag-&nbsp;en woensdagavond&nbsp;is er een trainingstocht die om 18.45&nbsp;uur&nbsp;vertrekt&nbsp;vanaf het Raadhuisplein.&nbsp;Via een&nbsp;Whatsapp&nbsp;Poll\/Peiling in de Ritteninfo groep&nbsp;zal&nbsp;geprobeerd worden&nbsp;om&nbsp;inzicht te geven wie er wanneer deel gaat&nbsp;nemen.&nbsp;&nbsp;<br>&nbsp;<br>Na het wegseizoen zal voor de mountainbike-\/gravelgroep de plaats en tijd van samenkomst in de&nbsp;najaarsledenvergadering&nbsp;worden&nbsp;afgesproken.&nbsp;Hier zijn ook whatsapp-groepen voor gemaakt om eventueel te communiceren.&nbsp;<br>&nbsp;<\/p>\n\n\n\n<p><strong>Art.&nbsp;10:&nbsp; Volgauto<\/strong>&nbsp;&nbsp;<\/p>\n\n\n\n<p>In principe is geen volgauto aanwezig.&nbsp;&nbsp;&nbsp;<\/p>\n\n\n\n<p><strong>Art. 11: Conditieverschillen en collectief belang<\/strong>&nbsp;&nbsp;<\/p>\n\n\n\n<ol start=\"1\" class=\"wp-block-list\">\n<li>Sociaal tourgedrag is een eerste vereiste. In het belang van het collectief worden&nbsp;&nbsp;&nbsp; conditieverschillen zoveel mogelijk gecompenseerd door compact rijgedrag.&nbsp;&nbsp;<\/li>\n<\/ol>\n\n\n\n<ol start=\"2\" class=\"wp-block-list\">\n<li>Er wordt rekening gehouden met minder sterke leden, vooral door diegenen die om wat voor reden dan ook een superconditie blijken te hebben.&nbsp;&nbsp;<\/li>\n<\/ol>\n\n\n\n<ol start=\"3\" class=\"wp-block-list\">\n<li>De aanwijzingen van de leider of van een bestuurslid behoren stipt te worden opgevolgd.&nbsp;&nbsp;<\/li>\n<\/ol>\n\n\n\n<ol start=\"4\" class=\"wp-block-list\">\n<li>Bij onze club geldt het principe samen uit, samen thuis!&nbsp;<\/li>\n<\/ol>\n\n\n\n<ol start=\"5\" class=\"wp-block-list\">\n<li>Als onderweg iemand&nbsp;niet lekker wordt en afslaat\/terug draait, gaat er altijd iemand mee om&nbsp;een goede thuiskomst zeker te stellen.&nbsp;Als iemand eerder teruggaat&nbsp;maar&nbsp;dat heeft aangegeven bij de start van de rit, dan is dat geen probleem dat die persoon alleen gaat.&nbsp;&nbsp;<\/li>\n<\/ol>\n\n\n\n<ol start=\"6\" class=\"wp-block-list\">\n<li>Alle fietsende leden worden geacht in voldoende mate aan door de club georganiseerde&nbsp;tourtochten&nbsp;deel te nemen, waardoor conditieverschillen worden beperkt.&nbsp;&nbsp;<\/li>\n<\/ol>\n\n\n\n<ol start=\"7\" class=\"wp-block-list\">\n<li>E-bikes: Fietsen met elektrische ondersteuning zijn niet verboden bij WTC Made, maar de fiets en bereider moet wel verzekerbaar en dus verzekerd zijn zodat we niet in de problemen komen als er onverhoopt door een berijder van een E-bike schade aan andere leden wordt toegebracht. Bij gebruik van ondersteunde fietsen dient men er zorg voor gedragen te worden dat anderen niet \u201cboven&nbsp;hun&nbsp;kunnen\u201d moeten om te kunnen volgen.&nbsp;&nbsp;&nbsp;&nbsp;&nbsp; &nbsp; &nbsp;&nbsp;&nbsp;&nbsp;&nbsp;<\/li>\n<\/ol>\n\n\n\n<p><strong>Art.12:&nbsp;&nbsp; Snelheid&nbsp;<\/strong>&nbsp;<\/p>\n\n\n\n<p>De Sportgroep rijdt harder en iets verder dan de Tourgroep. De Tourgroep rijdt harder en verder dan de TT groep. De TT groep rijdt harder en verder dan de Trimgroep.&nbsp;&nbsp;&nbsp;<\/p>\n\n\n\n<p>Tijdens gezamenlijke ritten met de Sport- en\/of Tour- en\/of TT- en\/of Trimgroep wordt de snelheid bepaald door de&nbsp; langzaamste groep.&nbsp;&nbsp;<\/p>\n\n\n\n<p>Voor de mountainbikers is het aanhouden van een gemiddelde snelheid niet altijd mogelijk; het te rijden&nbsp; parcours is bepalend voor de snelheid.&nbsp;&nbsp;<\/p>\n\n\n\n<p>Voor alle groepen geldt ook het \u201csamen uit, samen thuis\u201d motto. Leden die normaliter met snellere groep rijden, maar voor een keer rustiger aan willen doen, moeten dat ook echt doen en aan het normale tempo van die groep voldoen om te voorkomen dat die groep boven hun kunnen moet fietsen.<strong>&nbsp;<\/strong>&nbsp;<\/p>\n\n\n\n<p><strong>Art. 13:&nbsp; Trainingsritten&nbsp;<\/strong>&nbsp;<\/p>\n\n\n\n<p>Het is gewenst aan trainingsritten zoveel mogelijk deel te nemen, teneinde conditieverschillen te beperken.&nbsp;&nbsp;&nbsp;<\/p>\n\n\n\n<p><strong>Art. 14:&nbsp; Programma&nbsp;<\/strong>&nbsp;<\/p>\n\n\n\n<p>Het toerfietsprogramma kent een openings- en sluitingsrit waaraan telkenmale een bijzonder karakter zal&nbsp; worden gegeven. Er zijn vier programma\u2019s; \u00e9\u00e9n voor Sport, \u00e9\u00e9n voor Tour, \u00e9\u00e9n voor TT en \u00e9\u00e9n voor Trim. Op vrijdag of zaterdag wordt in de WhatsApp Info groep het weekend programma aangekondigd.&nbsp;&nbsp;<\/p>\n\n\n\n<p><strong>Art. 15:&nbsp; Risico<\/strong>&nbsp;&nbsp;<\/p>\n\n\n\n<p>Deelname aan alle clubactiviteiten geschiedt voor eigen risico.<strong>&nbsp;&nbsp;<\/strong>&nbsp;<\/p>\n\n\n\n<p><strong>Art. 16. Wachtlijst&nbsp;<\/strong>&nbsp;<\/p>\n\n\n\n<p>Indien er een kandidaat-lid op de wachtlijst staat, kan het voltallig bestuur beslissen dat het lidmaatschap wordt be\u00ebindigd van een lid, dat zonder aanwijsbare reden niet of&nbsp; nauwelijks heeft deelgenomen aan georganiseerde tochten van de vereniging. De beoordeling van wat, zonder aanwijsbare reden en niet of nauwelijks is, berust (na een gesprek met het betreffende lid) bij het voltallige bestuur.&nbsp;&nbsp;<\/p>\n\n\n\n<p><strong>Art. 17.&nbsp; Algemene ledenvergadering&nbsp;<\/strong>&nbsp;<\/p>\n\n\n\n<p>Voor aanvang en na afloop van het toerfietsseizoen vindt een algemene ledenvergadering plaats.&nbsp;&nbsp;<\/p>\n\n\n\n<p><strong>Art 18.&nbsp;&nbsp; Bestuursvergaderingen&nbsp;<\/strong>&nbsp;<\/p>\n\n\n\n<p>Vergaderingen van het bestuur vinden minimaal 6 x per jaar plaats ten huize van de bestuursleden.&nbsp;&nbsp;<\/p>\n\n\n\n<p><strong>Art 19.&nbsp;&nbsp; Gegevens leden&nbsp;<\/strong>&nbsp;<\/p>\n\n\n\n<p>De contactgegevens van de leden zijn in bezit van het bestuur van WTC Made en worden verder op het besloten gedeelte van de website geplaatst zodat leden indien nodig, met elkaar contact op kunnen nemen. Hiertoe hebben alleen de leden toegang met een specifiek wachtwoord per lid. De contactgegevens zijn derhalve door elk lid in te zien en wijziging kan op elk moment aangevraagd worden bij de secretaris en wordt hierna door de webmaster doorgevoerd.&nbsp;&nbsp;<\/p>\n\n\n\n<p>Met het aanvaarden van dit reglement, stemmen leden in met deze werkwijze m.b.t. leden gegevens en het plaatsen van foto\u2019s op&nbsp;social&nbsp;media en krant voor promotie van WTC Made. Deze bepaling is opgenomen om te voldoen aan de AVG (Algemene Verordening Gegevensbescherming) privacywet die mei 2018 in werking getreden is.&nbsp;&nbsp;<\/p>\n\n\n\n<p>De leden verstrekken een telefoonnummer voor \u201cIn Case of&nbsp;Emergency\u201d ICE. Hiervan wordt een lijstje verstrekt aan een aantal leden die veel aanwezig zijn, zodat die eventueel contact op kunnen nemen als het nodig is. Dit lijstje is strikt voor intern gebruik en mag niet inzichtelijk gemaakt worden voor buitenstaanders.&nbsp;&nbsp;&nbsp;<\/p>\n\n\n\n<p><strong>Art. 20.&nbsp; Bijzondere aangelegenheden&nbsp;&nbsp;<\/strong>&nbsp;<\/p>\n\n\n\n<p>Het bestuur behoudt zich het recht voor te beslissen in aangelegenheden, waarin het huishoudelijk reglement niet voorziet en waartoe het bestuur krachtens de statuten gerechtigd is.&nbsp;&nbsp;<\/p>\n\n\n\n<p>Zoals overeengekomen op en goedgekeurd door de algemene ledenvergadering van 14-11-2025.\u00a0\u00a0<\/p>\n\n\n\n<p><strong>Alle voorgaande uitgaven van het huishoudelijk reglement komen hiermede te vervallen.&nbsp;<\/strong>&nbsp;<\/p>\n","protected":false},"excerpt":{"rendered":"<p>Wieler Trim Club Made HUISHOUDELIJK&nbsp; REGLEMENT&nbsp;&nbsp;&nbsp; Versie:\u00a014-11-2025 (download als pdf)\u00a0\u00a0Art.\u00a01:\u00a0\u00a0\u00a0Statuten en huishoudelijk reglement\u00a0\u00a0 Ieder lid dient in het bezit te zijn van een exemplaar van het huishoudelijk reglement.&nbsp; De statuten zijn voor ieder lid ter inzage bij het secretariaat.&nbsp;&nbsp; Art.&nbsp;2:&nbsp;&nbsp;&nbsp;Doelstelling&nbsp;&nbsp; &nbsp; De doelstelling van de vereniging luidt nader bepaald als volgt:&nbsp;&nbsp; De beoefening van de [&hellip;]<\/p>\n","protected":false},"author":83,"featured_media":0,"parent":0,"menu_order":0,"comment_status":"closed","ping_status":"closed","template":"","meta":{"ngg_post_thumbnail":0,"footnotes":""},"class_list":["post-11600","page","type-page","status-publish","hentry"],"_links":{"self":[{"href":"https:\/\/www.wtc-made.nl\/index.php?rest_route=\/wp\/v2\/pages\/11600","targetHints":{"allow":["GET"]}}],"collection":[{"href":"https:\/\/www.wtc-made.nl\/index.php?rest_route=\/wp\/v2\/pages"}],"about":[{"href":"https:\/\/www.wtc-made.nl\/index.php?rest_route=\/wp\/v2\/types\/page"}],"author":[{"embeddable":true,"href":"https:\/\/www.wtc-made.nl\/index.php?rest_route=\/wp\/v2\/users\/83"}],"replies":[{"embeddable":true,"href":"https:\/\/www.wtc-made.nl\/index.php?rest_route=%2Fwp%2Fv2%2Fcomments&post=11600"}],"version-history":[{"count":4,"href":"https:\/\/www.wtc-made.nl\/index.php?rest_route=\/wp\/v2\/pages\/11600\/revisions"}],"predecessor-version":[{"id":11609,"href":"https:\/\/www.wtc-made.nl\/index.php?rest_route=\/wp\/v2\/pages\/11600\/revisions\/11609"}],"wp:attachment":[{"href":"https:\/\/www.wtc-made.nl\/index.php?rest_route=%2Fwp%2Fv2%2Fmedia&parent=11600"}],"curies":[{"name":"wp","href":"https:\/\/api.w.org\/{rel}","templated":true}]}}